 + 143. Let k(j) = 2*j**3 - 46*j**2 - j + 40. Let u be k(23). Calculate i(u).
-10
Let o(q) = 15 - 35 + 9 + 7 - 18*q**2 + 9 + 22*q - q**3. Calculate o(-19).
-52
Let b(i) be the first derivative of -i**3/3 - 35*i**2/2 - 236*i + 109. What is b(-26)?
-2
Suppose 4*q - 44 - 16 = -3*b, -4*b = -4*q - 108. Let n(d) = b - 16 + 2*d**3 - 3*d**3. Calculate n(0).
8
Let f = 19350 - 19350. Let o(y) = -3*y + y + 3*y + 7. What is o(f)?
7
Suppose 8 = 2*u + 3*o, -4*o = -6*o. Let m(k) = -6 - 7*k - 8*k + 18*k - u*k + 0. Give m(0).
-6
Let v be 1/(((-18)/5 - -4)/(84/30)). Let u(y) = -y**2 + 11*y - 17. What is u(v)?
11
Let d(j) = j + 2. Suppose 9*v - 31 = -4. Suppose 4*u = 4*q - 12, 2*u - 4*q + 16 = -v*u. Determine d(u).
-2
Let j(b) = -8*b**3 + b**2. Let d = 243 + 263. Let u = -505 + d. Determine j(u).
-7
Let y = 3826 - 22955/6. Let m(w) be the second derivative of 1/2*w**2 + 6*w + 0 + y*w**3. Determine m(6).
7
Let l = -92 + 144. Let n(c) = -18*c - 1 + l*c - 14*c - 17*c. Give n(2).
5
Let k(l) be the first derivative of 0*l**2 + 1/4*l**4 - 5*l - 5/3*l**3 + 211. Suppose -2*c + 36 = 5*i - 6*c, 0 = 5*c + 20. What is k(i)?
-21
Let u(b) = 12*b**2 - 51*b - 11*b + b**3 + 11*b + 5*b + 30 + 10*b**2. What is u(-24)?
-18
Let z(p) be the first derivative of -5*p**2 - 48*p + 1064. Determine z(-6).
12
Let t(c) = c**3 - 74*c**2 - 2*c + 174. Let p be t(74). Let u(y) = y**3 - 28*y**2 + 50*y + 55. What is u(p)?
3
Let y = 16344 - 16342. Let r(x) = 21 + x - 7*x**2 - 36 + 13. Determine r(y).
-28
Let u(o) = -o**2 - 4*o - 4. Let a(c) = -c**2 + 2*c + 1. Suppose -5 + 21 = -16*f. Let z(w) = f*a(w) - u(w). Give z(-2).
7
Let i(l) = -l + 1. Let n(v) = 5*v - 12. Let r(o) = 2*o + 8. Let w be r(-1). Let y(h) = w*i(h) + n(h). Let k be y(-2). Let b(t) = t**2 + 5*t + 5. Determine b(k).
1
Suppose a + 2 = -24*b + 25*b, 0 = -b - a + 20. Let t(l) = -11*l + 81. Determine t(b).
-40
Let x(v) be the third derivative of 1/15*v**5 + 84*v**2 + 0*v**3 + 0*v + 1/120*v**6 + 0 + 1/8*v**4. Let w = 3 - 6. Determine x(w).
0
Let k(o) be the third derivative of 5*o**4/24 + o**3/2 - 4*o**2 + 67*o. What is k(-5)?
-22
Let j(o) = -7*o + 31. Let x be 70/175 - (-266)/35. What is j(x)?
-25
Let n = -1400 + 1393. Let a(o) = -3*o - 7. Calculate a(n).
14
Suppose -2*h - 5*a = -41, -2*h + 4*a + 42 = 46. Let s(x) = -11*x**2 + 88*x + 6. What is s(h)?
6
Let u(s) = -4*s. Let b(m) = m**3 - 28*m**2 + m - 23. Let z be b(28). Suppose 0 = z*r + 25. Determine u(r).
20
Let c(d) = -2*d**3 - 13*d**2 + 12*d + 50. Suppose -388*k - 322 = -342*k. Calculate c(k).
15
Let l(m) = -6*m**2 + 6*m - 12. Let k(f) = 5*f**2 - 5*f + 10. Suppose -22*u - 49 = -29*u. Let y(b) = u*k(b) + 6*l(b). Calculate y(2).
-4
Let i(s) = -27*s**3 - 46*s**2 - 9*s + 40. Let l(h) = 5*h**3 + 9*h**2 + 2*h - 8. Let m(b) = -2*i(b) - 11*l(b). Calculate m(-4).
-24
Suppose -25*d + 3*r = -24*d + 14, 0 = -3*d + 2*r. Let h(j) = j**2 - 5*j + 2. Determine h(d).
-2
Suppose -v = 5*z + 32, -5*v - 63 + 77 = -4*z. Let g(l) = -9*l - 55. Give g(z).
-1
Let z(n) = -n**3 - 4*n**2 + 14*n - 56. Let u = 31311 + -31318. Give z(u).
-7
Let m = -24 - -24. Let i(t) = -11 + 12 - 1059*t + 1059*t - t**3. Determine i(m).
1
Let t(d) = -d**2 + 6*d + 6. Suppose -40 = -3*n + n. Let g = n + -11. Let w(m) = m**3 - 10*m**2 + 8*m + 16. Let h be w(g). Determine t(h).
-1
Let v = 229 + -228. Let h be 4/(1 + v + -4). Let k(g) = -6*g**3 - 3*g**2 - g. Give k(h).
38
Let u(l) be the second derivative of 5/12*l**4 + 5*l + 1/2*l**3 - l**2 + 7. Give u(1).
6
Suppose 26*r - 7*r = 0. Let h(u) = u**3 - u**2 - u - 7. Give h(r).
-7
Suppose 25*g = 3*h + 21*g + 43, 4 = 4*g. Let n(k) = k**2 + 25*k + 105. Determine n(h).
-51
Let z(q) be the second derivative of 3*q**3/2 + 3*q**2/2 - 2*q - 128. Let g(s) = -46*s - 188. Let j be g(-4). Determine z(j).
-33
Let l(h) = 2*h + 1. Suppose 0*x - 3*x + 6 = 0. Let o be (x/6)/((-330)/(-54) - 6). Suppose -3 = -0*y + y + 2*j, -12 = 3*y + o*j. Determine l(y).
-9
Let h(j) be the second derivative of 35*j**3/6 + 155*j**2 + 54*j - 7. What is h(-9)?
-5
Let w(u) be the first derivative of 17*u - 4/3*u**3 - 6*u**2 - 10. Let l(p) = p**2 + 3*p - 4. Let j(r) = -9*l(r) - 2*w(r). Determine j(-6).
-16
Let i(x) = -x**3 + 6*x**2 + 18*x - 11. Let t be i(8). Let n(s) = -s**2 + 12*s - 22. Determine n(t).
13
Let c(p) = p**3 - 2*p + 2. Let i be c(1). Let m(n) = -n**2 - n. Let g(o) = o**2 - 6*o + 2. Let d(y) = i*g(y) - 4*m(y). What is d(2)?
18
Let h = 18589 - 18590. Let p(y) = 57*y**3 + y**2 + 2*y + 2. What is p(h)?
-56
Let k(g) = -4*g**3 + 3*g**2 + 8*g - 4. Let z(q) = 3*q**3 - q**2 - 7*q + 3. Suppose 0 = -10*u - 13 - 17. Let h(c) = u*z(c) - 2*k(c). Determine h(-4).
-5
Let a(x) be the second derivative of -2*x**3/3 + 51*x**2/2 - 8*x + 1. Let p(g) = -3*g + 34. Let j(y) = -5*a(y) + 7*p(y). Determine j(-7).
-10
Let j(f) be the first derivative of 1/3*f**3 - 36 - 5*f - 5/2*f**2. Determine j(6).
1
Let s(t) = -t + 12. Let k be (-1)/(-2) + 95/10. Let f be (-156)/90*-21 + 6/k. Let r = 44 - f. Calculate s(r).
5
Suppose 4*y + 17 = 5*g, -4*y - 9 = -g + 4. Let h(i) be the second derivative of i**3/6 - 2*i**2 + 308*i. What is h(y)?
-7
Let v(w) be the second derivative of -w**4/12 + 23*w**3/6 - 9*w**2 - w - 115. Determine v(23).
-18
Let i be (-22 - (-11 - 8)) + (0/(-2))/(-1). Let j(n) = -8*n - 13. Determine j(i).
11
Let c(y) = y**3 + 5*y**2 - 5*y. Let q(u) = -u**3 - 6*u**2 + 5*u. Let n be 1/(-2) + (-35)/(-14). Let x(k) = n*q(k) + 3*c(k). Determine x(-4).
4
Let f(h) = h**3 + 7*h**2 + 2*h + 7. Let i(u) = -u**2 - 7*u - 1. Let c be i(-2). Suppose -18 = 2*n + 4*l - 2*l, 2*n - l + c = 0. Determine f(n).
31
Let s = 276 + -259. Suppose -13*y = 4*y - s. Let w(p) = -10*p. Give w(y).
-10
Suppose -5*m = -5*g, 2*m + 119*g - 124*g - 15 = 0. Let o(s) = 4 + s + 43*s**3 + 3*s + 6*s**2 - 42*s**3. Give o(m).
9
Let y(o) be the second derivative of o**5/20 + 2*o**4/3 + 2*o**3 - 9*o**2/2 + 3494*o. Determine y(-6).
-9
Let y(r) be the third derivative of -1/12*r**5 + 0*r + 30*r**2 - 1/6*r**3 - 1 + 1/24*r**4. Determine y(1).
-5
Let q be (-1 - 7)/2 + (3 - -3). Let d(b) = 2*b**q + 86*b**3 - 87*b**3 - 5*b**2 - 4. Determine d(-4).
12
Let q(n) be the first derivative of -2*n**3/3 - n**2 + 16*n + 774. Calculate q(3).
-8
Let v(r) = -r + 2*r - 121 + 106. Let k = 55 + -52. Let u be (-8 - -8)/(k + -1). What is v(u)?
-15
Suppose 282 + 318 = -4*m. Let y be ((-2)/3)/(5/m*2). Let o(x) = -10*x + 19*x - y*x - 4. Calculate o(0).
-4
Let u(t) = 30*t + 237. Let f be u(-8). Let o(a) = a**2 - a - 2. Determine o(f).
10
Let g(h) be the third derivative of -h**6/120 + h**5/10 - h**4/4 - h**3/3 - 11*h**2 - 2*h + 6. Suppose 3*o - o - 9 = -q, -o - 2*q = -3. What is g(o)?
-7
Let h(l) = -l**3 + l**2 + l - 1. Let y = -30 + 28. Let o(u) = -3*u**3 - 2*u**2 + 7*u + 1. Let g(s) = y*h(s) + o(s). Let b = -21 - -16. Calculate g(b).
3
Let q(z) be the first derivative of 1/2*z**2 + 20 + 2*z. Suppose 6 = -4*o + o. What is q(o)?
0
Let z(a) be the third derivative of 4*a - 6*a**2 - 1/120*a**6 + 1/15*a**5 - 1/4*a**4 + 0 + 2/3*a**3. Give z(4).
-20
Suppose -5*x = 4*d - 4, 0 = 4*d - 4*x + 2 - 6. Let t(g) = -24*g + 11. Let f = 260 - 254. Let v(q) = -11*q + 5. Let c(i) = f*t(i) - 13*v(i). Calculate c(d).
0
Suppose 25*b = t + 24*b - 12, 0 = -4*t - 4*b + 8. Let x(d) = -4*d - 36. Calculate x(t).
-64
Let a(b) = -2*b - 2*b**2 + 8*b - b - 2. Let q be 3/(18/16) + 728/2184. What is a(q)?
-5
Suppose -4*h + 10 - 18 = 0. Let q be (0 - -7)*(2 - (-2)/h). Suppose q*x = 11*x + 4. Let c(i) = 2*i + 1. What is c(x)?
-1
Let k(o) = 39687*o**2 - o + 11 + o**3 + 1 - 39682*o**2. Give k(-6).
-18
Let d(f) be the second derivative of -5*f**3/6 + 3*f**2/2 + f. Suppose -48*a - 22*a = -94*a + 48. What is d(a)?
-7
Suppose 182*q + 2015 = 123*q + 124*q. Let a(y) = -y**3 + 31*y**2 + 6*y - 173. What is a(q)?
13
Let p(t) = t**3 + 3*t**2 - 2*t - 6. Let b be (114/(-5))/((-979)/330 - -3). Let y = b + 680. Calculate p(y).
-14
Let p(o) be the second derivative of 26*o - 1/24*o**4 + 0 + o**3 + 8*o**2 - 1/60*o**5 + 1/120*o**6. Let s(u) be the first derivative of p(u). What is s(0)?
6
Let f(r) = 2*r**3 + 9*r**2 - 13*r - 24. Let z(y) = y**3 - y + 1. Let o(u) = f(u) - z(u). Let b be o(-10). Let c(l) = -5*l - 1. Determine c(b).
24
Let v(w) = w**3 - 4*w**2 + 2*w + 1. Let y(f) be the third derivative of -f**4/4 - 5*f**3/3 + 89*f**2. Let j be y(-2). Give v(j).